 factor of 2084885?
True
Is 30 a factor of 889080?
True
Is 316 a factor of 1142685?
False
Does 34 divide 3891572?
True
Is 499200 a multiple of 25?
True
Is 126108 a multiple of 5?
False
Does 104 divide 868761?
False
Is 902097 a multiple of 43?
True
Is 51 a factor of 111591?
False
Does 356 divide 337517?
False
Is 12 a factor of 2293646?
False
Is 34 a factor of 1603508?
True
Does 13 divide 144872?
True
Is 12359744 a multiple of 16?
True
Is 6 a factor of 822423?
False
Is 1644596 a multiple of 39?
False
Is 6 a factor of 471093?
False
Does 209 divide 174369?
False
Is 5 a factor of 984310?
True
Is 3924048 a multiple of 4?
True
Does 580 divide 626400?
True
Is 2821098 a multiple of 21?
True
Does 11 divide 3062412?
False
Is 32970 a multiple of 30?
True
Is 948 a factor of 4247988?
True
Is 330 a factor of 89760?
True
Is 38 a factor of 28127?
False
Does 9 divide 55188?
True
Is 125579 a multiple of 17?
True
Is 520 a factor of 409317?
False
Is 25 a factor of 404525?
True
Is 1095565 a multiple of 63?
False
Is 493918 a multiple of 146?
True
Does 5 divide 793561?
False
Does 270 divide 2451870?
True
Is 5363101 a multiple of 51?
False
Is 214 a factor of 515285?
False
Does 15 divide 42336015?
True
Does 2 divide 2219?
False
Does 4 divide 656?
True
Is 7538208 a multiple of 527?
True
Does 167 divide 328155?
True
Does 10 divide 217317?
False
Is 29 a factor of 47966?
True
Does 9 divide 2232126?
True
Does 71 divide 258142?
False
Is 10030471 a multiple of 12?
False
Is 251636 a multiple of 20?
False
Is 522510 a multiple of 220?
False
Is 28 a factor of 150?
False
Is 152152 a multiple of 154?
True
Does 341 divide 89001?
True
Is 401846 a multiple of 106?
True
Does 595 divide 92820?
True
Is 156 a factor of 11231220?
True
Does 15 divide 149318?
False
Is 64 a factor of 93056?
True
Does 191 divide 7706659?
True
Does 149 divide 1322159?
False
Does 8 divide 52088?
True
Is 29 a factor of 191404?
False
Does 72 divide 307201?
False
Does 68 divide 75258?
False
Does 62 divide 215810?
False
Is 15300 a multiple of 30?
True
Does 10 divide 9763?
False
Does 32 divide 478560?
True
Is 129 a factor of 275464?
False
Is 355176 a multiple of 72?
True
Is 794 a factor of 324164?
False
Does 16 divide 87056?
True
Does 1531 divide 13045163?
False
Is 17570112 a multiple of 1538?
True
Is 343492 a multiple of 79?
True
Does 45 divide 401989?
False
Is 99 a factor of 89199?
True
Does 177 divide 1479897?
True
Is 144 a factor of 2854105?
False
Is 54 a factor of 1258686?
True
Is 178068 a multiple of 16?
False
Is 275 a factor of 3767775?
True
Is 17 a factor of 137162?
False
Is 402712 a multiple of 10?
False
Does 17 divide 84609?
True
Is 25 a factor of 2399844?
False
Is 317 a factor of 74812?
True
Is 25 a factor of 838421?
False
Is 3359905 a multiple of 37?
False
Is 14 a factor of 413098?
True
Is 117 a factor of 59535?
False
Does 134 divide 5601468?
True
Does 131 divide 559239?
True
Is 79 a factor of 1234?
False
Does 46 divide 638020?
True
Does 41 divide 321030?
True
Is 193887 a multiple of 129?
True
Is 256 a factor of 6512896?
True
Does 9 divide 10263042?
True
Is 870 a factor of 1132740?
True
Is 27 a factor of 454869?
True
Does 42 divide 2710152?
False
Does 110 divide 38830?
True
Is 318 a factor of 294011?
False
Is 743 a multiple of 6?
False
Is 5410795 a multiple of 7?
False
Does 9 divide 1312793?
False
Is 2336109 a multiple of 38?
False
Does 166 divide 6026798?
False
Is 19 a factor of 991742?
False
Is 41 a factor of 386784?
False
Does 9 divide 2088091?
False
Is 223 a factor of 200477?
True
Is 1852 a factor of 5837504?
True
Is 233597 a multiple of 218?
False
Does 23 divide 611089?
False
Does 137 divide 180460?
False
Is 99234 a multiple of 4?
False
Is 27 a factor of 1751328?
True
Does 594 divide 1935252?
True
Does 8 divide 313704?
True
Does 3 divide 468461?
False
Is 28 a factor of 1019312?
True
Does 45 divide 304737?
False
Is 1047 a multiple of 107?
False
Is 696423 a multiple of 11?
False
Is 654652 a multiple of 9?
False
Does 41 divide 639822?
False
Does 201 divide 573718?
False
Does 37 divide 89984?
True
Is 139 a factor of 271606?
True
Is 16 a factor of 702989?
False
Is 1177 a factor of 3422716?
True
Is 16154 a multiple of 3?
False
Is 16 a factor of 276720?
True
Does 39 divide 313403?
False
Is 13 a factor of 1489605?
True
Does 29 divide 2207177?
False
Does 104 divide 678798?
False
Is 447 a factor of 752748?
True
Does 119 divide 6688427?
False
Is 562380 a multiple of 21?
True
Is 4897721 a multiple of 9?
False
Is 111002 a multiple of 128?
False
Is 222677 a multiple of 504?
False
Does 5 divide 1299500?
True
Is 41 a factor of 2949048?
True
Is 757754 a multiple of 106?
False
Is 48 a factor of 35195?
False
Is 938575 a multiple of 11?
True
Does 7 divide 274401?
False
Does 90 divide 66969?
False
Does 18 divide 40122?
True
Does 52 divide 267901?
False
Is 502196 a multiple of 61?
False
Is 323466 a multiple of 66?
True
Does 10 divide 136777?
False
Is 7703805 a multiple of 255?
True
Is 39 a factor of 47502?
True
Does 26 divide 131301?
False
Is 47451937 a multiple of 13?
True
Does 220 divide 904224?
False
Is 18 a factor of 7790697?
False
Is 642 a factor of 326778?
True
Does 25 divide 13139793?
False
Does 18 divide 308484?
True
Does 73 divide 119209?
True
Is 633 a factor of 11535819?
False
Is 294 a factor of 319366?
False
Is 98468 a multiple of 3?
False
Does 179 divide 1116774?
False
Is 1104 a factor of 1311552?
True
Does 249 divide 4253667?
True
Does 65 divide 1342821?
False
Is 10280376 a multiple of 296?
True
Is 50 a factor of 100036?
False
Is 51 a factor of 5303?
False
Does 39 divide 226941?
True
Does 409 divide 449616?
False
Is 36 a factor of 1474970?
False
Is 2626624 a multiple of 328?
True
Is 2277431 a multiple of 239?
True
Does 19 divide 665380?
True
Does 25 divide 1095550?
True
Does 272 divide 1167968?
True
Does 25 divide 2194272?
False
Is 285 a factor of 4943040?
True
Is 356042 a multiple of 455?
False
Is 344460 a multiple of 309?
False
Is 2619130 a multiple of 8?
False
Is 20 a factor of 963121?
False
Does 6 divide 1196435?
False
Is 306933 a multiple of 739?
False
Does 54 divide 22679?
False
Is 26 a factor of 195580?
False
Does 952 divide 16720928?
True
Does 4 divide 5609?
False
Does 76 divide 935180?
True
Does 93 divide 129735?
True
Is 76 a factor of 194636?
True
Does 856 divide 2602240?
True
Is 23545 a multiple of 17?
True
Does 643 divide 2626012?
True
Does 8 divide 126174?
False
Is 48 a factor of 50208?
True
Does 9 divide 66015?
True
Does 136 divide 81792?
False
Does 359 divide 1142273?
False
Is 9338 a multiple of 58?
True
Is 182426 a multiple of 53?
True
Is 183549 a multiple of 5?
False
Is 536 a factor of 3375924?
False
Does 42 divide 227262?
True
Is 41 a factor of 2652653?
False
Does 54 divide 155520?
True
Is 25 a factor of 397675?
True
Is 5 a factor of 559400?
True
Does 23 divide 1236426?
False
Does 496 divide 1706736?
True
Is 179 a factor of 2776290?
True
Is 142895 a multiple of 500?
False
Does 8 divide 69801?
False
Is 324162 a multiple of 11?
False
Is 8 a factor of 35328?
True
Is 276 a factor of 230460?
True
Is 5127574 a multiple of 68?
False
Is 515949 a multiple of 48?
False
Is 25 a factor of 1368550?
True
Is 380 a factor of 3357680?
True
Is 6462465 a multiple of 7?
False
Is 450216 a multiple of 98?
False
Is 18832 a multiple of 22?
True
Is 10351 a multiple of 9?
False
Is 34 a factor of 95797?
False
Does 15 divide 194760?
True
Is 599645 a multiple of 89?
False
Is 1229 a factor of 3212587?
False
Is 1078056 a multiple of 9?
True
Is 1998 even?
True
Is 2261264 a multiple of 47?
True
Is 23 a factor of 6235760?
True
Is 3 a factor of 29214?
True
Does 25 divide 15836376?
False
Does 931 divide 17206101?
False
Is 14 a factor of 3297336?
True
Is 178 a factor of 175508?
True
Does 55 divide 7810?
True
Is 323548 a multiple of 23?
False
Is 14 a factor of 184237?
False
Is 7501460 a multiple of 785?
True
Does 7 divide 457196?
False
Is 1365 a factor of 903630?
True
Is 4459860 a multiple of 81?
True
Is 2313480 a multiple of 30?
True
Is 5 a factor of 4878314?
False
Does 73 divide 69731?
False
Does 7 divide 504699?
False
Does 723 divide 861093?
True
Is 109425 a multiple of 80?
False
Does 414 divide 220263?
False
Does 49 divide 545027?
True
Is 8211428 a multiple of 14?
False
Is 77779 a multiple of 123?
False
Is 8 a factor of